{"version":"1.0","provider_name":"Citikert","provider_url":"https:\/\/citikert.hu\/en","author_name":"niki-tasnadico","author_url":"https:\/\/citikert.hu\/en\/author\/niki-tasnadico\/","title":"Sedum sz\u0151nyeg - Citikert","type":"rich","width":600,"height":338,"html":"<blockquote class=\"wp-embedded-content\" data-secret=\"Tr3SxGtsLj\"><a href=\"https:\/\/citikert.hu\/en\/lorem-ipsum-4\/\">Sedum sz\u0151nyeg<\/a><\/blockquote><iframe sandbox=\"allow-scripts\" security=\"restricted\" src=\"https:\/\/citikert.hu\/en\/lorem-ipsum-4\/embed\/#?secret=Tr3SxGtsLj\" width=\"600\" height=\"338\" title=\"&#8220;Sedum sz\u0151nyeg&#8221; &#8212; Citikert\" data-secret=\"Tr3SxGtsLj\" frameborder=\"0\" marginwidth=\"0\" marginheight=\"0\" scrolling=\"no\" class=\"wp-embedded-content\"><\/iframe><script>\n\/*! This file is auto-generated *\/\n!function(d,l){\"use strict\";l.querySelector&&d.addEventListener&&\"undefined\"!=typeof URL&&(d.wp=d.wp||{},d.wp.receiveEmbedMessage||(d.wp.receiveEmbedMessage=function(e){var t=e.data;if((t||t.secret||t.message||t.value)&&!\/[^a-zA-Z0-9]\/.test(t.secret)){for(var s,r,n,a=l.querySelectorAll('iframe[data-secret=\"'+t.secret+'\"]'),o=l.querySelectorAll('blockquote[data-secret=\"'+t.secret+'\"]'),c=new RegExp(\"^https?:$\",\"i\"),i=0;i<o.length;i++)o[i].style.display=\"none\";for(i=0;i<a.length;i++)s=a[i],e.source===s.contentWindow&&(s.removeAttribute(\"style\"),\"height\"===t.message?(1e3<(r=parseInt(t.value,10))?r=1e3:~~r<200&&(r=200),s.height=r):\"link\"===t.message&&(r=new URL(s.getAttribute(\"src\")),n=new URL(t.value),c.test(n.protocol))&&n.host===r.host&&l.activeElement===s&&(d.top.location.href=t.value))}},d.addEventListener(\"message\",d.wp.receiveEmbedMessage,!1),l.addEventListener(\"DOMContentLoaded\",function(){for(var e,t,s=l.querySelectorAll(\"iframe.wp-embedded-content\"),r=0;r<s.length;r++)(t=(e=s[r]).getAttribute(\"data-secret\"))||(t=Math.random().toString(36).substring(2,12),e.src+=\"#?secret=\"+t,e.setAttribute(\"data-secret\",t)),e.contentWindow.postMessage({message:\"ready\",secret:t},\"*\")},!1)))}(window,document);\n\/\/# sourceURL=https:\/\/citikert.hu\/wp-includes\/js\/wp-embed.min.js\n<\/script>","thumbnail_url":"https:\/\/citikert.hu\/wp-content\/uploads\/2024\/05\/sedum-szonyeg.jpg","thumbnail_width":862,"thumbnail_height":647,"description":"Varj\u00fah\u00e1j sz\u0151nyeg 2023-ban telep\u00edtett\u00fcnk sedum sz\u0151nyeget a kertnek olyan pontj\u00e1ra, ahol csup\u00e1n 5-8 cm m\u00e9lys\u00e9gben volt term\u0151k\u00f6zeg, emellett a nap er\u0151sen odat\u0171z\u00f6tt. Folyamatos probl\u00e9ma volt ezen a helyen, hogy a f\u0171 ny\u00e1ron ki\u00e9gett, ez\u00e9rt is pr\u00f3b\u00e1ltunk tal\u00e1lni egy megold\u00e1st. H\u00f3napok eltelt\u00e9vel \u00fagy t\u0171nik, hogy sikerk\u00e9nt k\u00f6nyvelhetj\u00fck el! Nem&nbsp;csup\u00e1n egy ki\u00e9gett, foltos ter\u00fcletet sz\u00e1molhattunk fel, hanem [&hellip;]"}

Sedum szőnyeg - Citikert

<blockquote class="wp-embedded-content" data-secret="Tr3SxGtsLj"><a href="https://citikert.hu/en/lorem-ipsum-4/">Sedum szőnyeg</a></blockquote><iframe sandbox="allow-scripts" security="restricted" src="https://citikert.hu/en/lorem-ipsum-4/embed/#?secret=Tr3SxGtsLj" width="600" height="338" title="&#8220;Sedum szőnyeg&#8221; &#8212; Citikert" data-secret="Tr3SxGtsLj" frameborder="0" marginwidth="0" marginheight="0" scrolling="no" class="wp-embedded-content"></iframe><script>
/*! This file is auto-generated */
!function(d,l){"use strict";l.querySelector&&d.addEventListener&&"undefined"!=typeof URL&&(d.wp=d.wp||{},d.wp.receiveEmbedMessage||(d.wp.receiveEmbedMessage=function(e){var t=e.data;if((t||t.secret||t.message||t.value)&&!/[^a-zA-Z0-9]/.test(t.secret)){for(var s,r,n,a=l.querySelectorAll('iframe[data-secret="'+t.secret+'"]'),o=l.querySelectorAll('blockquote[data-secret="'+t.secret+'"]'),c=new RegExp("^https?:$","i"),i=0;i<o.length;i++)o[i].style.display="none";for(i=0;i<a.length;i++)s=a[i],e.source===s.contentWindow&&(s.removeAttribute("style"),"height"===t.message?(1e3<(r=parseInt(t.value,10))?r=1e3:~~r<200&&(r=200),s.height=r):"link"===t.message&&(r=new URL(s.getAttribute("src")),n=new URL(t.value),c.test(n.protocol))&&n.host===r.host&&l.activeElement===s&&(d.top.location.href=t.value))}},d.addEventListener("message",d.wp.receiveEmbedMessage,!1),l.addEventListener("DOMContentLoaded",function(){for(var e,t,s=l.querySelectorAll("iframe.wp-embedded-content"),r=0;r<s.length;r++)(t=(e=s[r]).getAttribute("data-secret"))||(t=Math.random().toString(36).substring(2,12),e.src+="#?secret="+t,e.setAttribute("data-secret",t)),e.contentWindow.postMessage({message:"ready",secret:t},"*")},!1)))}(window,document);
//# sourceURL=https://citikert.hu/wp-includes/js/wp-embed.min.js
</script>

Varjúháj szőnyeg 2023-ban telepítettünk sedum szőnyeget a kertnek olyan pontjára, ahol csupán 5-8 cm mélységben volt termőközeg, emellett a nap erősen odatűzött. Folyamatos probléma volt ezen a helyen, hogy a fű nyáron kiégett, ezért is próbáltunk találni egy megoldást. Hónapok elteltével úgy tűnik, hogy sikerként könyvelhetjük el! Nem&nbsp;csupán egy kiégett, foltos területet számolhattunk fel, hanem [&hellip;]
